 of 6 and p.
6
Let r = 15 - 27. Suppose -2*i = 3*g - 33, -i - 5*g + 2 = -4. Let d = i + r. What is the highest common factor of d and 18?
9
Let r(v) = 6*v**3 + 2*v**2 - 2*v + 3. Let u be r(2). Let f = -28 - -50. Calculate the highest common divisor of f and u.
11
Let f = -13 - -40. Let a(v) = -2*v - 30. Let l be a(-15). Suppose l = -0*n + 4*n - 36. Calculate the greatest common divisor of f and n.
9
Suppose 2*i = -0*i. Let n be 14 + 0/(i - -3). Let u(w) = w**2 + 4*w + 7. Let t be u(-7). Calculate the highest common divisor of n and t.
14
Let v = -8 + 6. Let o be ((-51)/6)/(1/v). Calculate the greatest common divisor of 17 and o.
17
Suppose -u = -5*s - 125, 53 = -2*s + u - 0*u. Let x = s + 40. Suppose -3*o + 146 = -2*f, -4*o = -2*f - f - 195. Calculate the highest common divisor of x and o.
16
Suppose -4*t - 198 = -2*k - k, 0 = -k - t + 73. Calculate the highest common factor of 5 and k.
5
Let n(j) = 12 + j - 8 - 2. Let i be n(-1). Calculate the highest common factor of 10 and i.
1
Let j(a) = a**2 - 7*a - 3. Let x(f) = -2*f - 1. Let q be x(3). Let w be j(q). Let o = 1 + 37. Calculate the greatest common factor of w and o.
19
Let t be (-35 - 0)/(-1) - 2. What is the greatest common divisor of 3 and t?
3
Let b be 2/(-7) - (-79)/7. Suppose 3*o - 66 = -4*c, -5*o - 4*c + 24 = -86. Calculate the highest common divisor of b and o.
11
Let l = 56 + -20. Calculate the greatest common factor of l and 12.
12
Let k = 93 + -58. Let c = 62 - k. Let g be -6*(-1 + (-2)/4). Calculate the highest common divisor of g and c.
9
Let k(t) = -t**3 + 4*t**2 + 6*t + 2. Let n be k(5). What is the greatest common divisor of n and 49?
7
Let x(z) = 3*z**2 + 2*z + 3. Let t be x(5). What is the highest common factor of 11 and t?
11
Let f(r) = -r**3 - 21*r**2 + 20*r - 32. Let y be f(-22). What is the highest common factor of 4 and y?
4
Let y(o) = -4*o + 4. Let x be y(-9). Calculate the highest common factor of x and 5.
5
Suppose 0 = 16*g - 20*g + 72. What is the greatest common factor of 9 and g?
9
Let y(v) = v**3 - 11*v**2 + 15*v - 8. Let g be y(10). Calculate the highest common factor of g and 14.
14
Let v be 66/2 + (3 - 0). Let m = 37 + -13. Calculate the greatest common divisor of v and m.
12
Let c be 374/18 - 2/(-9). Suppose 5*d = 18 - 3. Suppose d*k - 55 = 8. Calculate the greatest common divisor of c and k.
21
Let c = 18 + 2. Suppose 3*j = -2*g + c, g = -4*g + 5*j + 25. What is the greatest common divisor of 35 and g?
7
Suppose 5*l + 50 = 5*n, -n - 2*l = 2*n - 35. What is the greatest common factor of n and 11?
11
Suppose 3*h + 52 = 5*h. What is the greatest common factor of h and 104?
26
Let o(h) = -h**3 + 8*h**2 - h + 1. Let q be o(8). Let g(v) = -6*v - 2. Let c be g(q). What is the highest common divisor of c and 60?
20
Let b(i) be the third derivative of -i**6/120 - i**5/15 - i**4/12 - i**3/2 + i**2. Let r be b(-4). Calculate the highest common factor of r and 10.
5
Suppose 5*g + 0*b = -3*b - 15, -4*g = 2*b + 10. Suppose g*r = 3*r - 15. Let z = 112 - 67. What is the greatest common factor of z and r?
5
Suppose 0 = -r + 2*r + 10. Let w(f) = f**3 + 9*f**2 - 11*f - 2. Let g be w(r). Let n be (2 + -1)*(-3 + 23). Calculate the greatest common factor of g and n.
4
Suppose 1 + 55 = -2*x. Let t = 20 + x. Let u(n) = -9*n. Let i be u(t). Calculate the greatest common factor of i and 8.
8
Suppose -2*d + 8 = 4*y + y, -4 = -d + 5*y. Let u be (-4)/(-3)*(-6)/d. Let x = -1 - u. Calculate the highest common divisor of x and 5.
1
Suppose -4*c + 123 = 3*p, -2*p + 2*c - 7*c + 75 = 0. What is the highest common divisor of p and 18?
9
Let s = -139 + 235. Suppose -2*k + 68 = 3*u, 5*k - k - 4*u = s. What is the highest common factor of 14 and k?
14
Suppose r + 2*y - 18 = 0, -5*y + 7 = -3. Calculate the highest common divisor of r and 14.
14
Let d(q) = q**2 - 4*q. Let f be d(4). Suppose f = -i + 3*i - 22. Suppose 5*r = 14 + i. Calculate the highest common factor of r and 40.
5
Suppose -7*v + 3*v = -24. Suppose -4*j + y = 28, -v*j + 3*y - 35 = -j. Let o = j + 15. Calculate the greatest common divisor of o and 64.
8
Let k be (10 + -1)*(-33)/(-3). Suppose 2 = -2*x, -2*s + 2*x + x = -k. Let r be 3*((-32)/(-6) - 0). What is the highest common factor of r and s?
16
Let w(i) = -8*i + 1. Let r be w(-2). What is the highest common divisor of r and 17?
17
Let o(v) = -v + 1. Let i be o(-3). Let a = -25 - 33. Let y = a + 102. What is the greatest common factor of i and y?
4
Suppose -m = 3*m - 360. Calculate the highest common factor of 36 and m.
18
Suppose -j = -0*j + 12. Let s = 17 + j. Suppose 12 = r - 2*g, -16 = s*g + 4. What is the greatest common factor of r and 16?
4
Suppose 2*u = 4*u + 4*c, -24 = -5*u - 4*c. Let p be 2 + 0 + -3 - 15. Let y be p/((-2)/8*1). Calculate the highest common factor of u and y.
8
Suppose -8*v + 60 = -3*v. Calculate the greatest common factor of v and 48.
12
Let h be -1 - 1/((-2)/416). Let d(j) = 2 - 11 + 6 + 6*j**2 + j**3 + 1. Let i be d(-5). What is the greatest common factor of i and h?
23
Let j(a) = 2*a + 5. Suppose -f + 24 = 2*f. Let t be j(f). Calculate the greatest common divisor of t and 42.
21
Let v = 20 - -22. Let p = 6 + -7. Let w be (p + -6)*(-4)/2. Calculate the highest common divisor of w and v.
14
Let y = 27 - -3. Let j = 13 - 11. Let t be -3*j/(-9)*15. Calculate the highest common factor of y and t.
10
Let o(q) = -11*q**3 - 4*q**2 - 2*q + 1. Let v be o(-2). Calculate the highest common divisor of v and 11.
11
Suppose 0 = 3*g - 2*g + 236. Let u = -166 - g. What is the highest common factor of u and 10?
10
Let n = 4 - 4. Suppose 15 = l + 4*j, n*l - 5*l + 39 = 2*j. What is the greatest common factor of 77 and l?
7
Suppose -f + 6*f = 50. What is the greatest common divisor of f and 25?
5
Let v be ((-2)/6)/((-2)/12). Let a be (34/(-8) + v)*-28. Let s = a - -47. Calculate the highest common factor of 11 and s.
11
Suppose -137 - 313 = -9*g. Suppose 4*a - 69 - 47 = 0. Let y be a/3 - (-1)/3. Calculate the highest common divisor of g and y.
10
Let f(i) = -2*i**3 - i - 1. Let r be f(-1). Let z be -1*12/2*2. Let k = r - z. What is the greatest common divisor of k and 154?
14
Let l = 83 + -50. Suppose -d = -0*d - l. Let v(c) = -2*c - 9. Let m be v(-6). What is the greatest common factor of m and d?
3
Suppose -u + 3 + 2 = 0. Calculate the greatest common factor of 5 and u.
5
Suppose 3*w + 153 = 4*z, 0 = -3*z - w + 135 - 4. What is the greatest common divisor of 7 and z?
7
Let s = 0 + 40. What is the highest common divisor of s and 60?
20
Suppose 0 = -2*w + 5*c - 7, -2*c = -2*w + 3*w - 10. Suppose -3*t - 2*r = -5*r + 3, w*t - r = 2. Calculate the highest common factor of 5 and t.
1
Let c be 9*-1*14/(-3). Suppose 4*h - 3*h = c. Suppose 392 = 5*b + h. Calculate the highest common divisor of 14 and b.
14
Let p(j) = -j - 7. Let g be p(-10). Suppose m + 2*m - g = 0. Let a be (14/(-6))/(m/(-3)). What is the highest common factor of a and 56?
7
Suppose 180 = w - 30. Suppose -4*t = t - 3*l - w, 0 = t - 3*l - 42. Let u = 15 + -9. Calculate the greatest common divisor of u and t.
6
Let r be 4/10 + 364/65. What is the greatest common factor of 30 and r?
6
Suppose -y + 5 = -g, 0 = -4*y + 2*y - g + 22. What is the highest common divisor of y and 3?
3
Let p be ((-4)/6)/(3*2/(-9)). Calculate the greatest common divisor of p and 9.
1
Let v = 245 - 56. Calculate the highest common factor of v and 21.
21
Let j be (-7 + 1)/((-368)/180 - -2). Calculate the greatest common factor of j and 15.
15
Suppose -2*j - 330 = -6*j - 2*b, -3*j + 267 = -5*b. Calculate the highest common divisor of 56 and j.
28
Let c(k) = -k**3 - 16*k**2 - 23*k - 21. Let d be c(-15). What is the greatest common divisor of 11 and d?
11
Let j be 4/10 + (-18)/(-5). Suppose -5*r = 2*m - 173 + 43, -3*r + 5*m + 109 = 0. Suppose -j*s + 100 = r. What is the highest common divisor of s and 45?
9
Let c(a) = -a - 4. Suppose 2*m - 5*s + 15 = 0, -3*m - s - 12 = 2*s. Let o be c(m). Calculate the greatest common divisor of 2 and o.
1
Suppose 0*w = -w + d + 7, 3*d = w - 15. What is the highest common divisor of 12 and w?
3
Let s(w) = w**2 + 5*w. Let b be s(-5). Suppose 6 = 2*r - b. Calculate the highest common factor of r and 9.
3
Suppose 5*a + 4*d = 2, 4*d - 10 = a + 4. Let s be 9*16/(0 - a). Calculate the highest common factor of